Let f(j) = -j**2 - 5*j + 4. Give f(l).
-10
Let d(h) = -h**3 - 3*h**2 + 5*h + 4. Let l be d(-4). Let k(j) = 7*j - 9*j + 4*j - 7*j**2. Let v(w) = 4*w**2 - w. Let o(m) = -3*k(m) - 5*v(m). Give o(l).
0
Let o(v) be the third derivative of v**5/60 + v**4/6 - v**3 - v**2. Let k be (4/18)/(33/(-891)). Calculate o(k).
6
Let h be (10/6)/(35/42). Let g(s) = -s**2 - s - 99 + 97 + h*s. Determine g(0).
-2
Let b = 2 - 0. Let f(g) = 3 + b*g - 3 - 1 + 2*g**2 - 3*g**2. What is f(4)?
-9
Let j(q) = -q**2 + 5*q - 4. Let b(x) = -x**2 + 7*x + 1. Let v be b(7). Let m be -1 - (-1 + v) - -25. Suppose 3*w = -6 + m. Calculate j(w).
-10
Suppose 2*o + 2 = 2*y, 5*y - o = -5*o - 22. Let m(h) = -h**2 - h + 9. Let j(q) = q**2 - 4. Let u(v) = -5*j(v) - 2*m(v). What is u(y)?
-14
Suppose 6*q - 24 = 3*q - 4*c, -4*q + 4 = -4*c. Suppose -q*x = -2*x. Let y(b) = 7 + 0*b - 2*b + x - 2. What is y(4)?
-3
Let b(r) = 2*r - 16. Let i(q) = 0*q + q + 3 - 11. Let x be (4 - 3)*(5 + 0). Let u(l) = x*i(l) - 3*b(l). Give u(7).
1
Suppose 0 = 2*f - 0*f - 4, 0 = -5*v + 3*f - 176. Let m = v + 33. Let s(k) = -6*k**3 + k. Give s(m).
5
Let v(u) be the third derivative of -u**4/6 - u**3/3 - u**2. Let t = 38 - 36. Suppose -x - 1 = 0, -2*x = t*c + x - 1. Calculate v(c).
-10
Let o be (-7 - -1)*((-88)/24 + 3). Let u(w) = -w - 6. Determine u(o).
-10
Let d(y) = -5*y - 3. Suppose 102 = -9*c - 8*c. Calculate d(c).
27
Let j(l) = 19 - l + 6*l**2 + 19 - 47 - l**3 + 16. Calculate j(6).
1
Let z(x) be the first derivative of -2*x - 24 + 3/2*x**2. Calculate z(4).
10
Let a(i) = 5*i**2 + 9*i + 21. Let v be a(-5). Suppose 0 = -4*d - v + 69. Let s(x) = x**3 + 7*x**2 - 8*x - 7. Determine s(d).
-7
Suppose -r + 4*d + 26 = 0, 9*r - 2*d - 4 = 13*r. Let b(m) = m - 5. Let g(j) = j - 4. Let i(p) = -2*b(p) + 3*g(p). What is i(r)?
0
Let k = -958 + 953. Let t(b) be the third derivative of -b**4/8 + 7*b**3/6 - 2*b**2. Let r(q) = -5*q + 10. Let h(g) = -5*r(g) + 8*t(g). Give h(k).
1
Let x(m) = -2*m**2 + 9*m + 7. Let l(f) = -f**2 + 4*f + 2. Let g(p) = -5*l(p) + 2*x(p). Suppose -2*c - 3 = -c. Give g(c).
19
Let o be 4 - (3*3/(-9) + 4). Let q be 0 + (-6)/(-2) - (o - 2). Let p(b) = -2*b + 6. Give p(q).
-2
Let b(f) = -3*f + 19. Suppose -5*v - 10 + 55 = 0. Determine b(v).
-8
Let h(v) be the third derivative of -v**4/6 - 5*v**3/3 + 198*v**2. What is h(-4)?
6
Let i(p) = -p**3 + 2*p + 25. Let b be (6/(-12) - 1/(-2))/(-5). Calculate i(b).
25
Let h(o) be the first derivative of o**2/2 + 5*o - 24. Let q = 4 - 4. Determine h(q).
5
Let y(k) = -k**2 - 5*k - 1. Suppose -3*d + 35 = 2*u, u + d = 4 + 13. Let f = -5 + u. Suppose -10 = 2*v - 2*o + 8, v + 4*o = f. What is y(v)?
-1
Let a = 10 + -13. Let r(z) = -2*z + 2 + 1 - 5 + 1. What is r(a)?
5
Let z = 15 + 3. Suppose -8*r - z = -5*r. Let u(g) = -g**3 - 6*g**2 + g + 8. What is u(r)?
2
Let q be (-145)/15 - 2/6. Let l be (-504)/(-20) - 8/q. Let i = 30 - l. Let j(o) = -o**3 + 5*o**2 - 6*o + 3. Determine j(i).
-5
Let x(h) = 3*h - 6. Suppose 4*t + 12 = i - 0*t, -i + 3 = 5*t. Give x(i).
18
Let f(k) be the third derivative of k**6/120 + 11*k**3/3 - 20*k**2 - 8. What is f(0)?
22
Suppose -3*u + 2*u = -y + 29, 5*u = -2*y + 30. Let c = y + -25. Suppose 5*d + 8 = 4*s, 0*d + 2*d - 5*s + 10 = c. Let i(v) = v**3 - v - 2. Give i(d).
-2
Let s(i) = -i**3 + 6*i**2 - i + 3. Let j(q) = -4*q - 12. Let p be j(-5). Let f = p + -6. Let m = 4 + f. Calculate s(m).
-3
Let d(u) = -2*u + 2*u - 2 - 2*u + 4*u**3 + 3. Let m be ((-1)/(-3))/(2/6). Calculate d(m).
3
Let t(a) be the third derivative of a**6/120 - 7*a**5/60 - a**4/4 - 5*a**3/6 + 2*a**2 - 14. Determine t(8).
11
Let g be ((-105)/(-7) + -7)/((-4)/(-2)). Let u(m) = m**2 - 7*m + 2. Determine u(g).
-10
Let b = -1/78 - -35/26. Let m(v) be the first derivative of 2 + b*v**3 - 1/2*v**2 - v. Calculate m(-1).
4
Let d(n) = -n - 11. Suppose -m - 4*m = -35. Let p(z) be the third derivative of z**4/12 + 23*z**3/6 - 34*z**2. Let i(x) = m*d(x) + 3*p(x). Calculate i(0).
-8
Let a(u) = 5*u - 5. Let m(j) = -2*j + 3. Let n(q) = -4*a(q) - 9*m(q). Let k = 10 + -15. Calculate n(k).
3
Suppose 2*k + 142 = 5*n, -4*n + 48 = -2*n - 3*k. Suppose 3*l + 60 = n. Let s(v) = v**3 + 10*v**2 - v - 14. What is s(l)?
-4
Let h(d) = 26*d - 21. Let w(q) = 5*q - 4. Let m(p) = -2*h(p) + 11*w(p). Let a(k) = -12*k + 290. Let v be a(24). Calculate m(v).
4
Let r(l) = l**2 - 7*l + 9. Let f(j) = j - 2. Let y be f(1). Let q = y - -8. Suppose q = t + 1. What is r(t)?
3
Let k(c) = c**2 - 5*c + 13. Let v be (-36)/(-8)*((-153)/(-27) - 5). What is k(v)?
7
Let z be (-14)/(-3)*231/(-539). Let i(m) = 11*m + 5. Calculate i(z).
-17
Let m(v) = -v - 3. Let n = -39 + -18. Let h = -57 - n. Determine m(h).
-3
Suppose 16 = -4*b, 2*x + 4*b + 1 = -x. Suppose -5*d - 15 = -0*s + x*s, -2*d = 5*s. Let c(l) = 6*l + 2 - s*l - 8*l. Give c(2).
-6
Let s(f) = 5*f**2 + 3*f + 3. Let z(i) = -i**2 - i - 1. Let a(c) = s(c) + 4*z(c). Suppose 0 = -n - 2 + 4. What is a(n)?
1
Let q(i) = -278*i + 551*i - 275*i. Determine q(-6).
12
Let h(m) = -3*m**2 + 15*m + 26. Let a(k) = -k**2 + 5*k + 9. Let d(s) = -11*a(s) + 4*h(s). Let u be (-149)/(-5) - (-2)/10. Suppose -f - u = -36. Give d(f).
-1
Let k(z) = -6*z**2 - 1. Let l(g) = 3*g - 16. Let i(v) = 6*v - 31. Let a(y) = -4*i(y) + 9*l(y). Let t be a(8). Suppose -4*p = t - 8. Give k(p).
-7
Let p(t) = t**3 + 8*t**2 + 5*t + 6. Let i = 143 - 150. Calculate p(i).
20
Suppose -252 = -u - 2*q, 3*u = -0*u + 5*q + 778. Let s be u/24 + 4/(-6). Let n(a) = -2 + a**3 + 4*a**2 + s*a - 5*a + 0*a**2 + a**2. Calculate n(-4).
-6
Let b(k) = k + 3. Suppose 5*j = -j + 84. Suppose 2*z - z = -3*h - 21, -2*h - j = 4*z. Calculate b(h).
-4
Let b(p) = -p**3 - 9*p**2 - 7*p - 1. Let m(w) = 4*w**3 + 28*w**2 + 20*w + 1. Let h(j) = -7*b(j) - 2*m(j). What is h(8)?
13
Let a(o) = -4*o + 2. Let p(u) = -2*u + 6. Suppose -4 - 3 = -3*m - 4*s, 0 = m + 3*s + 1. Let q be p(m). Calculate a(q).
18
Let z(t) be the third derivative of -t**6/120 - 11*t**5/60 - t**4/3 + 13*t**3/6 + 56*t**2. Give z(-10).
-7
Let b(m) = -2*m**2 - 4*m + 7. Let j(g) = 4*g**2 + 11*g - 13. Let c(i) = 7*b(i) + 4*j(i). What is c(-7)?
-17
Suppose 13*y + 15 = -2*y. Let b(r) = 4*r + 1. Let h(q) = -5*q - 1. Let z(t) = 3*b(t) + 2*h(t). Determine z(y).
-1
Let o(x) = -6. Let v(k) = -k - 31. Let h(d) = 10*o(d) - 2*v(d). What is h(6)?
14
Let n be (-3 - -5)*(-46)/(-4). Suppose f - 25 = 3*o, 2*f - 8 = -o + 14. Let x(s) = -n*s - 2 + s**2 + 42*s - f*s. Calculate x(-6).
-2
Let x(b) = b**3 - b - 2. Let y(l) = -3*l**3 - 2*l**2 - 3*l - 2. Let j be y(-2). Suppose q - j = -18. What is x(q)?
4
Let i(v) = -v - 4. Let r(s) = -6*s - 6. Let c(o) = -4*i(o) + 2*r(o). Calculate c(3).
-20
Let w(u) = -u**3 + 6*u**2 - 4*u + 4. Let i(p) = -p. Suppose 4 = v - 2. Let k be ((-8)/v)/((-4)/9). Let h(q) = k*i(q) + w(q). What is h(5)?
-6
Let y(g) be the second derivative of -g**3/2 - g**2/2 + g. Suppose -h = 9*h - 50. Suppose 0 = 5*l + h + 5. Give y(l).
5
Let w(c) = -2 + 2*c**3 - 4*c**3 + 2*c**2 + 5*c**3. Let a = 42 + -44. What is w(a)?
-18
Let c = 39 + -37. Let i(m) = -m**c + 2*m**2 + m + 8*m**3 + 0*m**2 - 2*m**2. Let n be 1*(1*2 + -1). What is i(n)?
8
Let q(v) be the first derivative of 13*v**4/4 - 2*v**3/3 + v + 166. Let w be 0 - (2/2 + -2). Determine q(w).
12
Let h(m) = m**2 + m - 5. Let i(c) = -9 + 5*c + 4*c + c**2 - 7*c. Let b(t) = -11*h(t) + 6*i(t). What is b(2)?
-17
Let p = -33 - -35. Let g(v) = 2 + 2 + 2 + 2*v - p. Determine g(-3).
-2
Let t = 1827 - 1846. Let d(b) = -b**3 - 18*b**2 + 21*b + 27. Calculate d(t).
-11
Let o(f) be the second derivative of -f**3/3 - 11*f**2/2 - 6*f. Let i be o(-6). Let x(d) = 2*d - 1. Determine x(i).
1
Let v(o) = 2 - 2*o - 3 - 4 + o**2. Let j(n) = n**3 + 11*n**2 + n + 15. Let i be j(-11). Let a be v(i). Let t(k) = 2*k + 3. Determine t(a).
9
Let a(f) = f**3 - 233 + 233 - 4*f - f**2. Give a(3).
6
Let f = 1050 - 1049. Let m(r) be the second derivative of -r + 1/6*r**3 - 9/20*r**5 - 1/12*r**4 + 0 + 0*r**2. What is m(f)?
-9
Let v(n) = n**2 + 16*n + 34. Let r = 755 + -769. Give v(r).
6
Let z(g) = -3*g**2 + 3*g + 1. Let h be ((-4)/(-6) + 2/(-6))*-3. Let b(i) = 3*i**2 + 4*i - 1. Let m be b(h). Calculate z(m).
-17
Let f(b) be the third derivative of -b**5/60 - 7*b**4/24 + b**3/6 + 45*b**2. What is f(-5)?
11
Let t = 11 - 10. Suppose -6*w + 1 = -2*q - w, q = w + t. Let d(y) = -1 - 4*y + 0*y + 2*y + 3*y**2. 